{"id":5967,"date":"2017-01-16T08:00:40","date_gmt":"2017-01-16T07:00:40","guid":{"rendered":"http:\/\/www.tafalu.ch\/?product=label-dankeschoen-streifen"},"modified":"2017-10-18T18:31:44","modified_gmt":"2017-10-18T18:31:44","slug":"label-dankeschoen-streifen","status":"publish","type":"product","link":"https:\/\/www.tafalu.ch\/?product=label-dankeschoen-streifen","title":{"rendered":"Label &#8222;Dankesch\u00f6n&#8220;, Streifen"},"content":{"rendered":"<p>Mithilfe des Labels k\u00f6nne die Seifen mit einem Schriftzug oder Bild gepr\u00e4gt werden.<\/p>\n<p>Text: Dankesch\u00f6n, Streifen<\/p>\n<p>Gr\u00f6sse: 30x22mm<\/p>\n<p>Form: Herz<\/p>\n","protected":false},"excerpt":{"rendered":"<p>Mithilfe des Labels k\u00f6nne die Seifen mit einem Schriftzug oder Bild gepr\u00e4gt werden. Text: Dankesch\u00f6n, Streifen Gr\u00f6sse: 30x22mm Form: Herz<\/p>\n","protected":false},"featured_media":5962,"template":"","meta":[],"_links":{"self":[{"href":"https:\/\/www.tafalu.ch\/index.php?rest_route=\/wp\/v2\/product\/5967"}],"collection":[{"href":"https:\/\/www.tafalu.ch\/index.php?rest_route=\/wp\/v2\/product"}],"about":[{"href":"https:\/\/www.tafalu.ch\/index.php?rest_route=\/wp\/v2\/types\/product"}],"wp:featuredmedia":[{"embeddable":true,"href":"https:\/\/www.tafalu.ch\/index.php?rest_route=\/wp\/v2\/media\/5962"}],"wp:attachment":[{"href":"https:\/\/www.tafalu.ch\/index.php?rest_route=%2Fwp%2Fv2%2Fmedia&parent=5967"}],"curies":[{"name":"wp","href":"https:\/\/api.w.org\/{rel}","templated":true}]}}