{"id":5864,"date":"2017-01-16T08:00:34","date_gmt":"2017-01-16T07:00:34","guid":{"rendered":"http:\/\/www.tafalu.ch\/?post_type=product&#038;p=5864"},"modified":"2020-10-26T11:22:27","modified_gmt":"2020-10-26T11:22:27","slug":"blueten","status":"publish","type":"product","link":"https:\/\/www.tafalu.ch\/?product=blueten","title":{"rendered":"Bl\u00fcten"},"content":{"rendered":"<p>Bl\u00fcten f\u00fcrs Beimischen zu den Seifen und zum Badesalz<\/p>\n<p>&nbsp;<\/p>\n<p>Ausf\u00fchrung:<\/p>\n<ul>\n<li>Lavendel 5g<\/li>\n<li>Rosenbl\u00e4tter rot 3g<\/li>\n<li>Rosenknopsen rosa ganz 7g<\/li>\n<li>Rosenbl\u00fctenbl\u00e4tter hell 5g<\/li>\n<li>Malvenbl\u00fcten blau 3g<\/li>\n<li>Ringelblumenbl\u00fcten geschnitten 3g<\/li>\n<\/ul>\n","protected":false},"excerpt":{"rendered":"<p>Bl\u00fcten f\u00fcrs Beimischen zu den Seifen und zum Badesalz &nbsp; Ausf\u00fchrung: Lavendel 5g Rosenbl\u00e4tter rot 3g Rosenknopsen rosa ganz 7g Rosenbl\u00fctenbl\u00e4tter hell 5g Malvenbl\u00fcten blau 3g Ringelblumenbl\u00fcten geschnitten 3g<\/p>\n","protected":false},"featured_media":5869,"template":"","meta":[],"_links":{"self":[{"href":"https:\/\/www.tafalu.ch\/index.php?rest_route=\/wp\/v2\/product\/5864"}],"collection":[{"href":"https:\/\/www.tafalu.ch\/index.php?rest_route=\/wp\/v2\/product"}],"about":[{"href":"https:\/\/www.tafalu.ch\/index.php?rest_route=\/wp\/v2\/types\/product"}],"wp:featuredmedia":[{"embeddable":true,"href":"https:\/\/www.tafalu.ch\/index.php?rest_route=\/wp\/v2\/media\/5869"}],"wp:attachment":[{"href":"https:\/\/www.tafalu.ch\/index.php?rest_route=%2Fwp%2Fv2%2Fmedia&parent=5864"}],"curies":[{"name":"wp","href":"https:\/\/api.w.org\/{rel}","templated":true}]}}