{"id":5843,"date":"2017-01-16T08:00:52","date_gmt":"2017-01-16T07:00:52","guid":{"rendered":"http:\/\/www.tafalu.ch\/?post_type=product&#038;p=5843"},"modified":"2017-10-18T18:38:31","modified_gmt":"2017-10-18T18:38:31","slug":"blanko-sticker","status":"publish","type":"product","link":"https:\/\/www.tafalu.ch\/?product=blanko-sticker","title":{"rendered":"Blanko Sticker"},"content":{"rendered":"<p>Blanko Sticker f\u00fcr das Beschriften<\/p>\n<p>&nbsp;<\/p>\n<p>Gr\u00f6sse Durchmesser: 3.5cm<\/p>\n<p>Inhalt: 12 St\u00fcck<\/p>\n<p>Farben: weiss, kraft (braun)<\/p>\n","protected":false},"excerpt":{"rendered":"<p>Blanko Sticker f\u00fcr das Beschriften &nbsp; Gr\u00f6sse Durchmesser: 3.5cm Inhalt: 12 St\u00fcck Farben: weiss, kraft (braun)<\/p>\n","protected":false},"featured_media":5844,"template":"","meta":[],"_links":{"self":[{"href":"https:\/\/www.tafalu.ch\/index.php?rest_route=\/wp\/v2\/product\/5843"}],"collection":[{"href":"https:\/\/www.tafalu.ch\/index.php?rest_route=\/wp\/v2\/product"}],"about":[{"href":"https:\/\/www.tafalu.ch\/index.php?rest_route=\/wp\/v2\/types\/product"}],"wp:featuredmedia":[{"embeddable":true,"href":"https:\/\/www.tafalu.ch\/index.php?rest_route=\/wp\/v2\/media\/5844"}],"wp:attachment":[{"href":"https:\/\/www.tafalu.ch\/index.php?rest_route=%2Fwp%2Fv2%2Fmedia&parent=5843"}],"curies":[{"name":"wp","href":"https:\/\/api.w.org\/{rel}","templated":true}]}}