{"id":4678,"date":"2016-11-01T10:10:57","date_gmt":"2016-11-01T08:10:57","guid":{"rendered":"http:\/\/www.tafalu.ch\/?post_type=product&#038;p=4678"},"modified":"2016-10-26T22:31:48","modified_gmt":"2016-10-26T20:31:48","slug":"metallperlen-rondelle-mit-feder","status":"publish","type":"product","link":"https:\/\/www.tafalu.ch\/?product=metallperlen-rondelle-mit-feder","title":{"rendered":"Metallperlen Rondelle mit Feder"},"content":{"rendered":"<p>Grossloch-Still Metallperlen Rondelle mit Feder<\/p>\n<p>&nbsp;<\/p>\n<p>Gr\u00f6sse: 8x5mm<\/p>\n<p>Loch: 5mm<\/p>\n<p>Farbe: altsilber, gold, ros\u00e9<\/p>\n<p>&nbsp;<\/p>\n<p>Preis pro St\u00fcck<\/p>\n<p>&nbsp;<\/p>\n<p>245<\/p>\n","protected":false},"excerpt":{"rendered":"<p>Grossloch-Still Metallperlen Rondelle mit Feder &nbsp; Gr\u00f6sse: 8x5mm Loch: 5mm Farbe: altsilber, gold, ros\u00e9 &nbsp; Preis pro St\u00fcck &nbsp; 245<\/p>\n","protected":false},"featured_media":4679,"template":"","meta":[],"_links":{"self":[{"href":"https:\/\/www.tafalu.ch\/index.php?rest_route=\/wp\/v2\/product\/4678"}],"collection":[{"href":"https:\/\/www.tafalu.ch\/index.php?rest_route=\/wp\/v2\/product"}],"about":[{"href":"https:\/\/www.tafalu.ch\/index.php?rest_route=\/wp\/v2\/types\/product"}],"wp:featuredmedia":[{"embeddable":true,"href":"https:\/\/www.tafalu.ch\/index.php?rest_route=\/wp\/v2\/media\/4679"}],"wp:attachment":[{"href":"https:\/\/www.tafalu.ch\/index.php?rest_route=%2Fwp%2Fv2%2Fmedia&parent=4678"}],"curies":[{"name":"wp","href":"https:\/\/api.w.org\/{rel}","templated":true}]}}