{"id":4330,"date":"2016-06-10T16:57:01","date_gmt":"2016-06-10T15:57:01","guid":{"rendered":"http:\/\/www.tafalu.ch\/?post_type=product&#038;p=4330"},"modified":"2017-10-18T15:57:01","modified_gmt":"2017-10-18T15:57:01","slug":"metall-anhaenger-fluegel-gross-mix","status":"publish","type":"product","link":"https:\/\/www.tafalu.ch\/?product=metall-anhaenger-fluegel-gross-mix","title":{"rendered":"Metall Anh\u00e4nger Fl\u00fcgel gross mix"},"content":{"rendered":"<p>Ein Mix aus Metall Anh\u00e4ngern Fl\u00fcgel mit Fassung f\u00fcr 1mm <a href=\"http:\/\/www.tafalu.ch\/?product=schmucksteine\">Schmucksteine<\/a>.<\/p>\n<p>&nbsp;<\/p>\n<p>Gr\u00f6sse: 40-68mm<\/p>\n<p>Farbe: Altsilber (platin)<\/p>\n<p>Inhalt: 10 St\u00fcck<\/p>\n","protected":false},"excerpt":{"rendered":"<p>Ein Mix aus Metall Anh\u00e4ngern Fl\u00fcgel mit Fassung f\u00fcr 1mm Schmucksteine. &nbsp; Gr\u00f6sse: 40-68mm Farbe: Altsilber (platin) Inhalt: 10 St\u00fcck<\/p>\n","protected":false},"featured_media":4332,"template":"","meta":[],"_links":{"self":[{"href":"https:\/\/www.tafalu.ch\/index.php?rest_route=\/wp\/v2\/product\/4330"}],"collection":[{"href":"https:\/\/www.tafalu.ch\/index.php?rest_route=\/wp\/v2\/product"}],"about":[{"href":"https:\/\/www.tafalu.ch\/index.php?rest_route=\/wp\/v2\/types\/product"}],"wp:featuredmedia":[{"embeddable":true,"href":"https:\/\/www.tafalu.ch\/index.php?rest_route=\/wp\/v2\/media\/4332"}],"wp:attachment":[{"href":"https:\/\/www.tafalu.ch\/index.php?rest_route=%2Fwp%2Fv2%2Fmedia&parent=4330"}],"curies":[{"name":"wp","href":"https:\/\/api.w.org\/{rel}","templated":true}]}}