{"id":4165,"date":"2016-06-03T16:26:48","date_gmt":"2016-06-03T16:26:48","guid":{"rendered":"http:\/\/www.tafalu.ch\/?post_type=product&#038;p=4165"},"modified":"2018-07-04T08:30:06","modified_gmt":"2018-07-04T08:30:06","slug":"kettelstift-sterling-silber","status":"publish","type":"product","link":"https:\/\/www.tafalu.ch\/?product=kettelstift-sterling-silber","title":{"rendered":"Kettelstift Sterling Silber"},"content":{"rendered":"<p>Kettelstife benutzt man f\u00fcr verschiedene Techniken beim Ketteln oder sonstigen Schmuck herstellen .Er kann auch sehr gut f\u00fcr Engel gebraucht werden.<\/p>\n<p>&nbsp;<\/p>\n<p>Material: 925 Silber<\/p>\n<p>L\u00e4nge: 30mm<\/p>\n<p>&nbsp;<\/p>\n<p>Preis pro 10 St\u00fcck<\/p>\n","protected":false},"excerpt":{"rendered":"<p>Kettelstife benutzt man f\u00fcr verschiedene Techniken beim Ketteln oder sonstigen Schmuck herstellen .Er kann auch sehr gut f\u00fcr Engel gebraucht werden. &nbsp; Material: 925 Silber L\u00e4nge: 30mm &nbsp; Preis pro 10 St\u00fcck<\/p>\n","protected":false},"featured_media":4166,"template":"","meta":[],"_links":{"self":[{"href":"https:\/\/www.tafalu.ch\/index.php?rest_route=\/wp\/v2\/product\/4165"}],"collection":[{"href":"https:\/\/www.tafalu.ch\/index.php?rest_route=\/wp\/v2\/product"}],"about":[{"href":"https:\/\/www.tafalu.ch\/index.php?rest_route=\/wp\/v2\/types\/product"}],"wp:featuredmedia":[{"embeddable":true,"href":"https:\/\/www.tafalu.ch\/index.php?rest_route=\/wp\/v2\/media\/4166"}],"wp:attachment":[{"href":"https:\/\/www.tafalu.ch\/index.php?rest_route=%2Fwp%2Fv2%2Fmedia&parent=4165"}],"curies":[{"name":"wp","href":"https:\/\/api.w.org\/{rel}","templated":true}]}}