{"id":3429,"date":"2016-04-02T22:54:32","date_gmt":"2016-04-02T21:54:32","guid":{"rendered":"http:\/\/www.tafalu.ch\/?post_type=product&#038;p=3429"},"modified":"2016-04-07T15:05:54","modified_gmt":"2016-04-07T14:05:54","slug":"perlen-rondelle-kunststoff","status":"publish","type":"product","link":"https:\/\/www.tafalu.ch\/?product=perlen-rondelle-kunststoff","title":{"rendered":"Perlen Rondelle Kunststoff"},"content":{"rendered":"<p>Kunststoff Perlen Rondell emit Glanz<\/p>\n<p>&nbsp;<\/p>\n<p>Gr\u00f6sse: 12x9mm<\/p>\n<p>Durchzug: 2mm<\/p>\n<p>Farben: rosa, orange, dunkelgr\u00fcn, beige, violett, gr\u00fcn, dunkelviolett, hellrosa, mix (30 Stk)<\/p>\n<p>&nbsp;<\/p>\n<p>Inhalt: 5 St\u00fcck<\/p>\n<p>&nbsp;<\/p>\n<p>geeignet f\u00fcr <a href=\"http:\/\/www.tafalu.ch\/?product=kugelschreiber-fuer-perlen\">Kugelschreiber<\/a><\/p>\n","protected":false},"excerpt":{"rendered":"<p>Kunststoff Perlen Rondell emit Glanz &nbsp; Gr\u00f6sse: 12x9mm Durchzug: 2mm Farben: rosa, orange, dunkelgr\u00fcn, beige, violett, gr\u00fcn, dunkelviolett, hellrosa, mix (30 Stk) &nbsp; Inhalt: 5 St\u00fcck &nbsp; geeignet f\u00fcr Kugelschreiber<\/p>\n","protected":false},"featured_media":3433,"template":"","meta":[],"_links":{"self":[{"href":"https:\/\/www.tafalu.ch\/index.php?rest_route=\/wp\/v2\/product\/3429"}],"collection":[{"href":"https:\/\/www.tafalu.ch\/index.php?rest_route=\/wp\/v2\/product"}],"about":[{"href":"https:\/\/www.tafalu.ch\/index.php?rest_route=\/wp\/v2\/types\/product"}],"wp:featuredmedia":[{"embeddable":true,"href":"https:\/\/www.tafalu.ch\/index.php?rest_route=\/wp\/v2\/media\/3433"}],"wp:attachment":[{"href":"https:\/\/www.tafalu.ch\/index.php?rest_route=%2Fwp%2Fv2%2Fmedia&parent=3429"}],"curies":[{"name":"wp","href":"https:\/\/api.w.org\/{rel}","templated":true}]}}