{"id":3220,"date":"2016-03-14T09:32:18","date_gmt":"2016-03-14T08:32:18","guid":{"rendered":"http:\/\/www.tafalu.ch\/?post_type=product&#038;p=3220"},"modified":"2016-03-14T09:35:19","modified_gmt":"2016-03-14T08:35:19","slug":"wickelkarte","status":"publish","type":"product","link":"https:\/\/www.tafalu.ch\/?product=wickelkarte","title":{"rendered":"Wickelkarte"},"content":{"rendered":"<p>Die Karte kann als Preisschild, zum Aufwickeln von <a href=\"http:\/\/www.tafalu.ch\/?product_cat=kordeln\">Schn\u00fcren\/Kordeln<\/a>,\u00a0 zum Befestigen von <a href=\"http:\/\/www.tafalu.ch\/?product=haarclips\">Haarklips <\/a>oder \u00e4hnliches benutzt werden.<\/p>\n<p>Sie k\u00f6nnen mit der \u00d6ffnung gut an diversen <a href=\"http:\/\/www.tafalu.ch\/?product_cat=ausstellungszubehoer\">Ausstellungsst\u00e4ndern<\/a> aufgeh\u00e4ngt werden.<\/p>\n<p>&nbsp;<\/p>\n<p>Gesamtbreite: 6,6cm<\/p>\n<p>Breite zum Wickeln: 5cm<\/p>\n<p>Gesamth\u00f6he: 11,5cm<\/p>\n<p>Farbe: weiss<\/p>\n<p>&nbsp;<\/p>\n<p>Inhalt: 10 St\u00fcck<\/p>\n","protected":false},"excerpt":{"rendered":"<p>Die Karte kann als Preisschild, zum Aufwickeln von Schn\u00fcren\/Kordeln,\u00a0 zum Befestigen von Haarklips oder \u00e4hnliches benutzt werden. Sie k\u00f6nnen mit der \u00d6ffnung gut an diversen Ausstellungsst\u00e4ndern aufgeh\u00e4ngt werden. &nbsp; Gesamtbreite: 6,6cm Breite zum Wickeln: 5cm Gesamth\u00f6he: 11,5cm Farbe: weiss &nbsp; Inhalt: 10 St\u00fcck<\/p>\n","protected":false},"featured_media":3221,"template":"","meta":[],"_links":{"self":[{"href":"https:\/\/www.tafalu.ch\/index.php?rest_route=\/wp\/v2\/product\/3220"}],"collection":[{"href":"https:\/\/www.tafalu.ch\/index.php?rest_route=\/wp\/v2\/product"}],"about":[{"href":"https:\/\/www.tafalu.ch\/index.php?rest_route=\/wp\/v2\/types\/product"}],"wp:featuredmedia":[{"embeddable":true,"href":"https:\/\/www.tafalu.ch\/index.php?rest_route=\/wp\/v2\/media\/3221"}],"wp:attachment":[{"href":"https:\/\/www.tafalu.ch\/index.php?rest_route=%2Fwp%2Fv2%2Fmedia&parent=3220"}],"curies":[{"name":"wp","href":"https:\/\/api.w.org\/{rel}","templated":true}]}}