{"id":2714,"date":"2016-01-24T17:45:42","date_gmt":"2016-01-24T16:45:42","guid":{"rendered":"http:\/\/www.tafalu.ch\/?post_type=product&#038;p=2714"},"modified":"2017-10-18T11:57:17","modified_gmt":"2017-10-18T11:57:17","slug":"velours-nase","status":"publish","type":"product","link":"https:\/\/www.tafalu.ch\/?product=velours-nase","title":{"rendered":"Velours Nase"},"content":{"rendered":"<p>Es handelt sich um eine Nase\/Schnauze aus Velours f\u00fcr verschiedenste Pl\u00fcschtiere.<\/p>\n<p>Die Nase wird mit Hilfe eines Gewindes im Material befestigt.<\/p>\n<p>Breite der Nase: 11mm<\/p>\n<p>L\u00e4nge inkl Gewinde: 14mm<\/p>\n<p>Dicke des Gewindes: 6mm<\/p>\n<p>Farbe: schwarz<\/p>\n<p>&nbsp;<\/p>\n<p>Preis pro Nase<\/p>\n","protected":false},"excerpt":{"rendered":"<p>Es handelt sich um eine Nase\/Schnauze aus Velours f\u00fcr verschiedenste Pl\u00fcschtiere. Die Nase wird mit Hilfe eines Gewindes im Material befestigt. Breite der Nase: 11mm L\u00e4nge inkl Gewinde: 14mm Dicke des Gewindes: 6mm Farbe: schwarz &nbsp; Preis pro Nase<\/p>\n","protected":false},"featured_media":2717,"template":"","meta":[],"_links":{"self":[{"href":"https:\/\/www.tafalu.ch\/index.php?rest_route=\/wp\/v2\/product\/2714"}],"collection":[{"href":"https:\/\/www.tafalu.ch\/index.php?rest_route=\/wp\/v2\/product"}],"about":[{"href":"https:\/\/www.tafalu.ch\/index.php?rest_route=\/wp\/v2\/types\/product"}],"wp:featuredmedia":[{"embeddable":true,"href":"https:\/\/www.tafalu.ch\/index.php?rest_route=\/wp\/v2\/media\/2717"}],"wp:attachment":[{"href":"https:\/\/www.tafalu.ch\/index.php?rest_route=%2Fwp%2Fv2%2Fmedia&parent=2714"}],"curies":[{"name":"wp","href":"https:\/\/api.w.org\/{rel}","templated":true}]}}