{"id":197,"date":"2015-06-05T12:57:52","date_gmt":"2015-06-05T11:57:52","guid":{"rendered":"http:\/\/tafalu.ch\/?post_type=product&#038;p=197"},"modified":"2017-10-18T08:04:24","modified_gmt":"2017-10-18T08:04:24","slug":"schneeflocke","status":"publish","type":"product","link":"https:\/\/www.tafalu.ch\/?product=schneeflocke","title":{"rendered":"Motivstanzer mini"},"content":{"rendered":"<p>Ministanzer als Schl\u00fcsselanh\u00e4nger<\/p>\n<p>&nbsp;<\/p>\n<p>Motive: Schneeflocke, Elchkopf, Weihnachtsbaum<\/p>\n<p>Motivgr\u00f6sse: 0.95cm<\/p>\n<p>Preis pro St\u00fcck<\/p>\n","protected":false},"excerpt":{"rendered":"<p>Ministanzer als Schl\u00fcsselanh\u00e4nger &nbsp; Motive: Schneeflocke, Elchkopf, Weihnachtsbaum Motivgr\u00f6sse: 0.95cm Preis pro St\u00fcck<\/p>\n","protected":false},"featured_media":201,"template":"","meta":[],"_links":{"self":[{"href":"https:\/\/www.tafalu.ch\/index.php?rest_route=\/wp\/v2\/product\/197"}],"collection":[{"href":"https:\/\/www.tafalu.ch\/index.php?rest_route=\/wp\/v2\/product"}],"about":[{"href":"https:\/\/www.tafalu.ch\/index.php?rest_route=\/wp\/v2\/types\/product"}],"wp:featuredmedia":[{"embeddable":true,"href":"https:\/\/www.tafalu.ch\/index.php?rest_route=\/wp\/v2\/media\/201"}],"wp:attachment":[{"href":"https:\/\/www.tafalu.ch\/index.php?rest_route=%2Fwp%2Fv2%2Fmedia&parent=197"}],"curies":[{"name":"wp","href":"https:\/\/api.w.org\/{rel}","templated":true}]}}