{"id":1921,"date":"2015-10-14T21:08:34","date_gmt":"2015-10-14T20:08:34","guid":{"rendered":"http:\/\/www.tafalu.ch\/?post_type=product&#038;p=1921"},"modified":"2017-10-18T11:09:54","modified_gmt":"2017-10-18T11:09:54","slug":"wachsperlen-dekorativ-2","status":"publish","type":"product","link":"https:\/\/www.tafalu.ch\/?product=wachsperlen-dekorativ-2","title":{"rendered":"Wachsperlen dekorativ"},"content":{"rendered":"<p>Sie sind unter anderm\u00a0 zur Herstellung von Dekorationen bestimmt. Die Perlen sind ohne L\u00f6cher und m\u00fcssen zwingend geklebt werden.<\/p>\n<p>&nbsp;<\/p>\n<p>Durchmesser: 10 mm<br \/>\nFarben: diverse<br \/>\nMaterial: Plast<\/p>\n<p>Preis pro 10 St\u00fcck<\/p>\n","protected":false},"excerpt":{"rendered":"<p>Sie sind unter anderm\u00a0 zur Herstellung von Dekorationen bestimmt. Die Perlen sind ohne L\u00f6cher und m\u00fcssen zwingend geklebt werden. &nbsp; Durchmesser: 10 mm Farben: diverse Material: Plast Preis pro 10 St\u00fcck<\/p>\n","protected":false},"featured_media":1923,"template":"","meta":[],"_links":{"self":[{"href":"https:\/\/www.tafalu.ch\/index.php?rest_route=\/wp\/v2\/product\/1921"}],"collection":[{"href":"https:\/\/www.tafalu.ch\/index.php?rest_route=\/wp\/v2\/product"}],"about":[{"href":"https:\/\/www.tafalu.ch\/index.php?rest_route=\/wp\/v2\/types\/product"}],"wp:featuredmedia":[{"embeddable":true,"href":"https:\/\/www.tafalu.ch\/index.php?rest_route=\/wp\/v2\/media\/1923"}],"wp:attachment":[{"href":"https:\/\/www.tafalu.ch\/index.php?rest_route=%2Fwp%2Fv2%2Fmedia&parent=1921"}],"curies":[{"name":"wp","href":"https:\/\/api.w.org\/{rel}","templated":true}]}}