{"id":1689,"date":"2015-09-04T18:04:49","date_gmt":"2015-09-04T17:04:49","guid":{"rendered":"http:\/\/www.tafalu.ch\/?post_type=product&#038;p=1689"},"modified":"2017-10-18T10:47:28","modified_gmt":"2017-10-18T10:47:28","slug":"anhaenger-note","status":"publish","type":"product","link":"https:\/\/www.tafalu.ch\/?product=anhaenger-note","title":{"rendered":"Anh\u00e4nger Note"},"content":{"rendered":"<p>Metallanh\u00e4nger in Form einer Note<\/p>\n<p>Dieser wird jeden Liebhaber moderner und klassischer Musik begeistern.<\/p>\n<p>Die Note hat eine glatte und gl\u00e4nzende Oberfl\u00e4che.<\/p>\n<p>Er kann als Anh\u00e4nger an Ohrringen, Halsketten oder Armb\u00e4ndern verwendet werden.<\/p>\n<p>&nbsp;<\/p>\n<p>Breite: 14 mm<\/p>\n<p>L\u00e4nge: 24 mm<\/p>\n<p>Einzug: 2 mm<\/p>\n<p>Material:\u00a0Modeschmuckmetall galvanisiert<\/p>\n<p>Farbe: platin<\/p>\n<p>&nbsp;<\/p>\n<p>Preis pro 2 St\u00fcck<\/p>\n","protected":false},"excerpt":{"rendered":"<p>Metallanh\u00e4nger in Form einer Note Dieser wird jeden Liebhaber moderner und klassischer Musik begeistern. Die Note hat eine glatte und gl\u00e4nzende Oberfl\u00e4che. Er kann als Anh\u00e4nger an Ohrringen, Halsketten oder Armb\u00e4ndern verwendet werden. &nbsp; Breite: 14 mm L\u00e4nge: 24 mm Einzug: 2 mm Material:\u00a0Modeschmuckmetall galvanisiert Farbe: platin &nbsp; Preis pro 2 St\u00fcck<\/p>\n","protected":false},"featured_media":1690,"template":"","meta":[],"_links":{"self":[{"href":"https:\/\/www.tafalu.ch\/index.php?rest_route=\/wp\/v2\/product\/1689"}],"collection":[{"href":"https:\/\/www.tafalu.ch\/index.php?rest_route=\/wp\/v2\/product"}],"about":[{"href":"https:\/\/www.tafalu.ch\/index.php?rest_route=\/wp\/v2\/types\/product"}],"wp:featuredmedia":[{"embeddable":true,"href":"https:\/\/www.tafalu.ch\/index.php?rest_route=\/wp\/v2\/media\/1690"}],"wp:attachment":[{"href":"https:\/\/www.tafalu.ch\/index.php?rest_route=%2Fwp%2Fv2%2Fmedia&parent=1689"}],"curies":[{"name":"wp","href":"https:\/\/api.w.org\/{rel}","templated":true}]}}