{"id":1578,"date":"2015-09-04T08:18:29","date_gmt":"2015-09-04T08:18:29","guid":{"rendered":"http:\/\/www.tafalu.ch\/?post_type=product&#038;p=1578"},"modified":"2022-02-27T16:08:11","modified_gmt":"2022-02-27T16:08:11","slug":"schluesselanhaenger-mit-kette","status":"publish","type":"product","link":"https:\/\/www.tafalu.ch\/?product=schluesselanhaenger-mit-kette","title":{"rendered":"Schl\u00fcsselanh\u00e4nger mit Kette"},"content":{"rendered":"<p>L\u00e4nge: 60 mm<\/p>\n<p>Karabiner rund: 20mm.<\/p>\n<p>Material: Modeschmuckmetall galvanisiert<\/p>\n<p>Farbe: platin<\/p>\n<p>&nbsp;<\/p>\n<p>Preis pro St\u00fcck<\/p>\n","protected":false},"excerpt":{"rendered":"<p>L\u00e4nge: 60 mm Karabiner rund: 20mm. Material: Modeschmuckmetall galvanisiert Farbe: platin &nbsp; Preis pro St\u00fcck<\/p>\n","protected":false},"featured_media":1580,"template":"","meta":[],"_links":{"self":[{"href":"https:\/\/www.tafalu.ch\/index.php?rest_route=\/wp\/v2\/product\/1578"}],"collection":[{"href":"https:\/\/www.tafalu.ch\/index.php?rest_route=\/wp\/v2\/product"}],"about":[{"href":"https:\/\/www.tafalu.ch\/index.php?rest_route=\/wp\/v2\/types\/product"}],"wp:featuredmedia":[{"embeddable":true,"href":"https:\/\/www.tafalu.ch\/index.php?rest_route=\/wp\/v2\/media\/1580"}],"wp:attachment":[{"href":"https:\/\/www.tafalu.ch\/index.php?rest_route=%2Fwp%2Fv2%2Fmedia&parent=1578"}],"curies":[{"name":"wp","href":"https:\/\/api.w.org\/{rel}","templated":true}]}}