{"id":1576,"date":"2015-09-04T09:15:07","date_gmt":"2015-09-04T09:15:07","guid":{"rendered":"http:\/\/www.tafalu.ch\/?post_type=product&#038;p=1576"},"modified":"2018-05-10T10:42:00","modified_gmt":"2018-05-10T10:42:00","slug":"schluesselring-flach","status":"publish","type":"product","link":"https:\/\/www.tafalu.ch\/?product=schluesselring-flach","title":{"rendered":"Schl\u00fcsselring flach"},"content":{"rendered":"<p>Flache Schl\u00fcsselringe hergestellt aus einem Modeschmuckmetall.<\/p>\n<p>&nbsp;<\/p>\n<p>Gr\u00f6sse : Innen \u00d824mm; Aussen \u00d830 mm<\/p>\n<p>Breite: 1,40 mm.<\/p>\n<p>Farbe: nickel<\/p>\n<p>&nbsp;<\/p>\n<p>Preis pro St\u00fcck<\/p>\n","protected":false},"excerpt":{"rendered":"<p>Flache Schl\u00fcsselringe hergestellt aus einem Modeschmuckmetall. &nbsp; Gr\u00f6sse : Innen \u00d824mm; Aussen \u00d830 mm Breite: 1,40 mm. Farbe: nickel &nbsp; Preis pro St\u00fcck<\/p>\n","protected":false},"featured_media":1577,"template":"","meta":[],"_links":{"self":[{"href":"https:\/\/www.tafalu.ch\/index.php?rest_route=\/wp\/v2\/product\/1576"}],"collection":[{"href":"https:\/\/www.tafalu.ch\/index.php?rest_route=\/wp\/v2\/product"}],"about":[{"href":"https:\/\/www.tafalu.ch\/index.php?rest_route=\/wp\/v2\/types\/product"}],"wp:featuredmedia":[{"embeddable":true,"href":"https:\/\/www.tafalu.ch\/index.php?rest_route=\/wp\/v2\/media\/1577"}],"wp:attachment":[{"href":"https:\/\/www.tafalu.ch\/index.php?rest_route=%2Fwp%2Fv2%2Fmedia&parent=1576"}],"curies":[{"name":"wp","href":"https:\/\/api.w.org\/{rel}","templated":true}]}}