{"id":1097,"date":"2015-07-25T13:05:27","date_gmt":"2015-07-25T12:05:27","guid":{"rendered":"http:\/\/www.tafalu.ch\/?post_type=product&#038;p=1097"},"modified":"2023-03-18T22:39:08","modified_gmt":"2023-03-18T22:39:08","slug":"shamballa-mit-haenger","status":"publish","type":"product","link":"https:\/\/www.tafalu.ch\/?product=shamballa-mit-haenger","title":{"rendered":"Shamballa mit H\u00e4nger"},"content":{"rendered":"<p>&nbsp;<\/p>\n<p>Gr\u00f6sse:10mm \u00f8<\/p>\n<p>Farbe: divers<\/p>\n<p>&nbsp;<\/p>\n<p>Preis pro St\u00fcck<\/p>\n<p>&nbsp;<\/p>\n<p>&nbsp;<\/p>\n<p>&nbsp;<\/p>\n","protected":false},"excerpt":{"rendered":"<p>&nbsp; Gr\u00f6sse:10mm \u00f8 Farbe: divers &nbsp; Preis pro St\u00fcck &nbsp; &nbsp; &nbsp;<\/p>\n","protected":false},"featured_media":1331,"template":"","meta":[],"_links":{"self":[{"href":"https:\/\/www.tafalu.ch\/index.php?rest_route=\/wp\/v2\/product\/1097"}],"collection":[{"href":"https:\/\/www.tafalu.ch\/index.php?rest_route=\/wp\/v2\/product"}],"about":[{"href":"https:\/\/www.tafalu.ch\/index.php?rest_route=\/wp\/v2\/types\/product"}],"wp:featuredmedia":[{"embeddable":true,"href":"https:\/\/www.tafalu.ch\/index.php?rest_route=\/wp\/v2\/media\/1331"}],"wp:attachment":[{"href":"https:\/\/www.tafalu.ch\/index.php?rest_route=%2Fwp%2Fv2%2Fmedia&parent=1097"}],"curies":[{"name":"wp","href":"https:\/\/api.w.org\/{rel}","templated":true}]}}