{"id":605,"date":"2015-07-09T22:56:19","date_gmt":"2015-07-09T21:56:19","guid":{"rendered":"http:\/\/www.tafalu.ch\/?page_id=605"},"modified":"2026-02-12T16:47:52","modified_gmt":"2026-02-12T16:47:52","slug":"agb","status":"publish","type":"page","link":"https:\/\/www.tafalu.ch\/?page_id=605","title":{"rendered":"AGB"},"content":{"rendered":"<h3><strong>Allgemeine Gesch\u00e4ftsbedingungen <\/strong><\/h3>\n<h3>Preis<\/h3>\n<ul>\n<li>Die Preise im Webshop sind in CHF ausgewiesen. Nicht inbegriffen im Preis sind die Kosten f\u00fcr Verpackung und Versand. Sie sind beim Produkt erw\u00e4hnt und variieren je nach Gr\u00f6sse und Verpackungsaufwand des Produktes.<\/li>\n<li>Die Preise im Webshop sind in CHF inkl. MWSt ausgewiesen. Nicht inbegriffen im Preis sind die Kosten f\u00fcr Verpackung und Versand. Sie sind beim Produkt erw\u00e4hnt und variieren je nach Gr\u00f6sse und Verpackungsaufwand des Produktes.<\/li>\n<\/ul>\n<h3>Zahlung<\/h3>\n<ul>\n<li>Ich bevorzuge\u00a0Bank\u00fcberweisungen\u00a0.<\/li>\n<li>\u00dcberweisung bitte per Vorkasse auf das angegebene Konto innerhalb von 7 Tage<\/li>\n<\/ul>\n<h3>Versand<\/h3>\n<ul>\n<li>Der Versand erfolgt i.d.R. am n\u00e4chsten Werktag nach Zahlungseingang.<\/li>\n<li>Sobald das Geld auf meinem\u00a0Bankkonto ist, werde ich die Ware via Post\u00a0versenden.<\/li>\n<li>3-5 Werktage nach Zahlungseingang<\/li>\n<li>Falls die Ware unversichert auf dem Postweg versandt wird, liegt das Risiko f\u00fcr einen Verlust auf dem Postweg\u00a0beim K\u00e4ufer.<\/li>\n<li>Ihre Ware wird mit der schweizerischen Post versandt.<\/li>\n<li>Versand ins Ausland auf Anfrage und mit \u00dcbernahme der Portokosten und allf\u00e4lligen Zollkosten m\u00f6glich<\/li>\n<\/ul>\n<h3>Storno der Bestellung<\/h3>\n<ul>\n<li>Storno ist nur vor der Lieferung m\u00f6glich.<\/li>\n<li>Storno ist auch nach der Lieferung m\u00f6glich, jedoch nur nach vorherigem Mailkontakt mit mir.<\/li>\n<li>Personalisierte Artikel k\u00f6nnen nicht storniert werden.<\/li>\n<\/ul>\n<h3>R\u00fcckgabe<\/h3>\n<ul>\n<li>Eine R\u00fcckgabe ist nur m\u00f6glich, wenn die Ware keinerlei Anzeichen von Gebrauch aufweist.<\/li>\n<li>Waren, die nicht nach Mass gefertigt wurden, k\u00f6nnen grunds\u00e4tzlich umgetauscht werden. Der Umtausch von Massanfertigungen respektive personalisierten Artikeln \u00a0ist nicht m\u00f6glich, jedoch haben Sie den Anspruch auf die Behebung allf\u00e4lliger M\u00e4ngel.<\/li>\n<li>Es ist nicht m\u00f6glich, die Ware wieder zur\u00fcckzuschicken.<\/li>\n<li>Ich akzeptiere eine R\u00fccksendung der Ware innert 10 Tagen ohne Angabe von Gr\u00fcnden. Der Artikel muss unbenutzt und in einwandfreiem Zustand sein. Zur\u00fcckerstattet wird der Kaufbetrag abz\u00fcglich der angefallenen Spesen f\u00fcr den Versand.<\/li>\n<li>Es gilt kein R\u00fcckgaberecht auf zugeschnittene Meterware.<\/li>\n<li>Retournierte Produkte d\u00fcrfen keine Spuren von Gebrauch aufweisen.<\/li>\n<\/ul>\n<h3>M\u00e4ngel\/Umtausch<\/h3>\n<ul>\n<li>Sie als K\u00e4ufer sind verpflichtet, die Ware nach Erhalt zu pr\u00fcfen und M\u00e4ngel innerhalb von 5 Tagen schriftlich bei mir zu melden.<\/li>\n<li>Es ist mir ein Anliegen, dass sie mit meinen Produkten gl\u00fccklich sind! \u2028Falls sie nicht Zufrieden sind, k\u00f6nnen sie die Ware ohne Angaben von Gr\u00fcnden, innerhalb von 10 Tagen an mich zur\u00fcckschicken. \u2028Der Kaufbetrag, abz\u00fcglich Versandkosten wird Ihnen dann zur\u00fcckerstattet.<\/li>\n<li>Reklamationen m\u00fcssen innerhalb von 14 Tagen nach Erhalt der Sendung erfolgen. Bei berechtigten Reklamationen stehen dem Kunden nach meiner Wahl einer der gesetzlichen Gew\u00e4hrleistungsanspr\u00fcche zu (R\u00fccknahme, Minderung, Ersatzlieferung).<\/li>\n<li>Das Porto f\u00fcr eine allf\u00e4llige R\u00fccksendung\u00a0 Zwecks Umtausch oder Behebung der M\u00e4ngel, \u00fcbernehmen Sie als K\u00e4ufer.<\/li>\n<li>Umtausch\/R\u00fcckgabe nur bei M\u00e4ngel, falscher Lieferung und defekter Ware m\u00f6glich.<\/li>\n<\/ul>\n","protected":false},"excerpt":{"rendered":"<p>Allgemeine Gesch\u00e4ftsbedingungen Preis Die Preise im Webshop sind in CHF ausgewiesen. Nicht inbegriffen im Preis sind die Kosten f\u00fcr Verpackung und Versand. Sie sind beim Produkt erw\u00e4hnt und variieren je nach Gr\u00f6sse und Verpackungsaufwand des Produktes. Die Preise im Webshop sind in CHF inkl. MWSt ausgewiesen. Nicht inbegriffen im Preis sind die Kosten f\u00fcr Verpackung <a class=\"more-link\" href=\"https:\/\/www.tafalu.ch\/?page_id=605\">Weiterlesen <i class=\"fa fa-chevron-right\"><\/i><\/a><\/p>\n","protected":false},"author":1,"featured_media":0,"parent":0,"menu_order":0,"comment_status":"closed","ping_status":"open","template":"","meta":[],"_links":{"self":[{"href":"https:\/\/www.tafalu.ch\/index.php?rest_route=\/wp\/v2\/pages\/605"}],"collection":[{"href":"https:\/\/www.tafalu.ch\/index.php?rest_route=\/wp\/v2\/pages"}],"about":[{"href":"https:\/\/www.tafalu.ch\/index.php?rest_route=\/wp\/v2\/types\/page"}],"author":[{"embeddable":true,"href":"https:\/\/www.tafalu.ch\/index.php?rest_route=\/wp\/v2\/users\/1"}],"replies":[{"embeddable":true,"href":"https:\/\/www.tafalu.ch\/index.php?rest_route=%2Fwp%2Fv2%2Fcomments&post=605"}],"version-history":[{"count":5,"href":"https:\/\/www.tafalu.ch\/index.php?rest_route=\/wp\/v2\/pages\/605\/revisions"}],"predecessor-version":[{"id":12491,"href":"https:\/\/www.tafalu.ch\/index.php?rest_route=\/wp\/v2\/pages\/605\/revisions\/12491"}],"wp:attachment":[{"href":"https:\/\/www.tafalu.ch\/index.php?rest_route=%2Fwp%2Fv2%2Fmedia&parent=605"}],"curies":[{"name":"wp","href":"https:\/\/api.w.org\/{rel}","templated":true}]}}